[INFO] fetching crate hashmap_core2 0.0.1...
[INFO] checking hashmap_core2-0.0.1 against master#af3c6e733a40e671550e0f0f5aeecaa13772ba56 for pr-74989
[INFO] extracting crate hashmap_core2 0.0.1 into /workspace/builds/worker-9/source
[INFO] validating manifest of crates.io crate hashmap_core2 0.0.1 on toolchain af3c6e733a40e671550e0f0f5aeecaa13772ba56
[INFO] running `Command { std: "/workspace/cargo-home/bin/cargo" "+af3c6e733a40e671550e0f0f5aeecaa13772ba56" "read-manifest" "--manifest-path" "Cargo.toml", kill_on_drop: false }`
[INFO] started tweaking crates.io crate hashmap_core2 0.0.1
[INFO] finished tweaking crates.io crate hashmap_core2 0.0.1
[INFO] tweaked toml for crates.io crate hashmap_core2 0.0.1 written to /workspace/builds/worker-9/source/Cargo.toml
[INFO] running `Command { std: "/workspace/cargo-home/bin/cargo" "+af3c6e733a40e671550e0f0f5aeecaa13772ba56" "generate-lockfile" "--manifest-path" "Cargo.toml" "-Zno-index-update", kill_on_drop: false }`
[INFO] running `Command { std: "/workspace/cargo-home/bin/cargo" "+af3c6e733a40e671550e0f0f5aeecaa13772ba56" "fetch" "--locked" "--manifest-path" "Cargo.toml", kill_on_drop: false }`
[INFO] running `Command { std: "docker" "create" "-v" "/var/lib/crater-agent-workspace/builds/worker-9/target:/opt/rustwide/target:rw,Z" "-v" "/var/lib/crater-agent-workspace/builds/worker-9/source:/opt/rustwide/workdir:ro,Z" "-v" "/var/lib/crater-agent-workspace/cargo-home:/opt/rustwide/cargo-home:ro,Z" "-v" "/var/lib/crater-agent-workspace/rustup-home:/opt/rustwide/rustup-home:ro,Z" "-e" "SOURCE_DIR=/opt/rustwide/workdir" "-e" "CARGO_TARGET_DIR=/opt/rustwide/target" "-e" "CARGO_HOME=/opt/rustwide/cargo-home" "-e" "RUSTUP_HOME=/opt/rustwide/rustup-home" "-w" "/opt/rustwide/workdir" "-m" "1610612736" "--user" "0:0" "--network" "none" "rustops/crates-build-env@sha256:d92eaeed33fa75130ca1ee6c8a01d1ffb62bac859dfdfb3450e3e5d1c0146529" "/opt/rustwide/cargo-home/bin/cargo" "+af3c6e733a40e671550e0f0f5aeecaa13772ba56" "metadata" "--no-deps" "--format-version=1", kill_on_drop: false }`
[INFO] [stdout] 8209ad9d1de103e2830fe9c65910025f607c78a8b43d09ea620b4e4be7c47f27
[INFO] [stderr] WARNING: Your kernel does not support swap limit capabilities or the cgroup is not mounted. Memory limited without swap.
[INFO] running `Command { std: "docker" "start" "-a" "8209ad9d1de103e2830fe9c65910025f607c78a8b43d09ea620b4e4be7c47f27", kill_on_drop: false }`
[INFO] running `Command { std: "docker" "inspect" "8209ad9d1de103e2830fe9c65910025f607c78a8b43d09ea620b4e4be7c47f27", kill_on_drop: false }`
[INFO] running `Command { std: "docker" "rm" "-f" "8209ad9d1de103e2830fe9c65910025f607c78a8b43d09ea620b4e4be7c47f27", kill_on_drop: false }`
[INFO] [stdout] 8209ad9d1de103e2830fe9c65910025f607c78a8b43d09ea620b4e4be7c47f27
[INFO] running `Command { std: "docker" "create" "-v" "/var/lib/crater-agent-workspace/builds/worker-9/target:/opt/rustwide/target:rw,Z" "-v" "/var/lib/crater-agent-workspace/builds/worker-9/source:/opt/rustwide/workdir:ro,Z" "-v" "/var/lib/crater-agent-workspace/cargo-home:/opt/rustwide/cargo-home:ro,Z" "-v" "/var/lib/crater-agent-workspace/rustup-home:/opt/rustwide/rustup-home:ro,Z" "-e" "SOURCE_DIR=/opt/rustwide/workdir" "-e" "CARGO_TARGET_DIR=/opt/rustwide/target" "-e" "CARGO_INCREMENTAL=0" "-e" "RUST_BACKTRACE=full" "-e" "RUSTFLAGS=--cap-lints=forbid" "-e" "CARGO_HOME=/opt/rustwide/cargo-home" "-e" "RUSTUP_HOME=/opt/rustwide/rustup-home" "-w" "/opt/rustwide/workdir" "-m" "1610612736" "--user" "0:0" "--network" "none" "rustops/crates-build-env@sha256:d92eaeed33fa75130ca1ee6c8a01d1ffb62bac859dfdfb3450e3e5d1c0146529" "/opt/rustwide/cargo-home/bin/cargo" "+af3c6e733a40e671550e0f0f5aeecaa13772ba56" "check" "--frozen" "--all" "--all-targets" "--message-format=json", kill_on_drop: false }`
[INFO] [stdout] b8ee215b7e35ef378ae927aa229dc0ccd4ea2facd279b5058b134bcc33cadbed
[INFO] [stderr] WARNING: Your kernel does not support swap limit capabilities or the cgroup is not mounted. Memory limited without swap.
[INFO] running `Command { std: "docker" "start" "-a" "b8ee215b7e35ef378ae927aa229dc0ccd4ea2facd279b5058b134bcc33cadbed", kill_on_drop: false }`
[INFO] [stderr]     Checking hashmap_core2 v0.0.1 (/opt/rustwide/workdir)
[INFO] [stdout] error[E0432]: unresolved import `alloc_crate::alloc::oom`
[INFO] [stdout]   --> src/lib.rs:19:34
[INFO] [stdout]    |
[INFO] [stdout] 19 |     pub use alloc_crate::alloc::{oom, Global};
[INFO] [stdout]    |                                  ^^^ no `oom` in `alloc`
[INFO] [stdout] 
[INFO] [stdout] 
[INFO] [stdout] error[E0432]: unresolved import `alloc::CollectionAllocErr`
[INFO] [stdout]   --> src/map.rs:14:5
[INFO] [stdout]    |
[INFO] [stdout] 14 | use alloc::CollectionAllocErr;
[INFO] [stdout]    |     ^^^^^^^^^^^^^^^^^^^^^^^^^ no `CollectionAllocErr` in `alloc`
[INFO] [stdout] 
[INFO] [stdout] 
[INFO] [stdout] error[E0432]: unresolved imports `alloc::Alloc`, `alloc::CollectionAllocErr`
[INFO] [stdout]   --> src/table.rs:11:13
[INFO] [stdout]    |
[INFO] [stdout] 11 | use alloc::{Alloc, CollectionAllocErr, Global, Layout};
[INFO] [stdout]    |             ^^^^^  ^^^^^^^^^^^^^^^^^^ no `CollectionAllocErr` in `alloc`
[INFO] [stdout]    |             |
[INFO] [stdout]    |             no `Alloc` in `alloc`
[INFO] [stdout] 
[INFO] [stdout] 
[INFO] [stdout] warning: unnecessary parentheses around type
[INFO] [stdout]     --> src/map.rs:1878:34
[INFO] [stdout]      |
[INFO] [stdout] 1878 |     fn next(&mut self) -> Option<(&'a K)> {
[INFO] [stdout]      |                                  ^^^^^^^ help: remove these parentheses
[INFO] [stdout]      |
[INFO] [stdout]      = note: `#[warn(unused_parens)]` on by default
[INFO] [stdout] 
[INFO] [stdout] 
[INFO] [stdout] warning: unnecessary parentheses around type
[INFO] [stdout]     --> src/map.rs:1898:34
[INFO] [stdout]      |
[INFO] [stdout] 1898 |     fn next(&mut self) -> Option<(&'a V)> {
[INFO] [stdout]      |                                  ^^^^^^^ help: remove these parentheses
[INFO] [stdout] 
[INFO] [stdout] 
[INFO] [stdout] warning: unnecessary parentheses around type
[INFO] [stdout]     --> src/map.rs:1918:34
[INFO] [stdout]      |
[INFO] [stdout] 1918 |     fn next(&mut self) -> Option<(&'a mut V)> {
[INFO] [stdout]      |                                  ^^^^^^^^^^^ help: remove these parentheses
[INFO] [stdout] 
[INFO] [stdout] 
[INFO] [stdout] error[E0432]: unresolved import `alloc_crate::alloc::oom`
[INFO] [stdout]   --> src/lib.rs:19:34
[INFO] [stdout]    |
[INFO] [stdout] 19 |     pub use alloc_crate::alloc::{oom, Global};
[INFO] [stdout]    |                                  ^^^ no `oom` in `alloc`
[INFO] [stdout] 
[INFO] [stdout] 
[INFO] [stdout] error[E0432]: unresolved import `alloc::Vec`
[INFO] [stdout]    --> src/fnv.rs:124:9
[INFO] [stdout]     |
[INFO] [stdout] 124 |     use alloc::Vec;
[INFO] [stdout]     |         ^^^^^^^^^^ no `Vec` in `alloc`
[INFO] [stdout] 
[INFO] [stdout] 
[INFO] [stdout] error[E0432]: unresolved import `alloc::CollectionAllocErr`
[INFO] [stdout]   --> src/map.rs:14:5
[INFO] [stdout]    |
[INFO] [stdout] 14 | use alloc::CollectionAllocErr;
[INFO] [stdout]    |     ^^^^^^^^^^^^^^^^^^^^^^^^^ no `CollectionAllocErr` in `alloc`
[INFO] [stdout] 
[INFO] [stdout] 
[INFO] [stdout] error[E0432]: unresolved imports `alloc::Alloc`, `alloc::CollectionAllocErr`
[INFO] [stdout]   --> src/table.rs:11:13
[INFO] [stdout]    |
[INFO] [stdout] 11 | use alloc::{Alloc, CollectionAllocErr, Global, Layout};
[INFO] [stdout]    |             ^^^^^  ^^^^^^^^^^^^^^^^^^ no `CollectionAllocErr` in `alloc`
[INFO] [stdout]    |             |
[INFO] [stdout]    |             no `Alloc` in `alloc`
[INFO] [stdout] 
[INFO] [stdout] 
[INFO] [stdout] warning: unnecessary parentheses around type
[INFO] [stdout]     --> src/map.rs:1878:34
[INFO] [stdout]      |
[INFO] [stdout] 1878 |     fn next(&mut self) -> Option<(&'a K)> {
[INFO] [stdout]      |                                  ^^^^^^^ help: remove these parentheses
[INFO] [stdout]      |
[INFO] [stdout]      = note: `#[warn(unused_parens)]` on by default
[INFO] [stdout] 
[INFO] [stdout] 
[INFO] [stdout] warning: unnecessary parentheses around type
[INFO] [stdout]     --> src/map.rs:1898:34
[INFO] [stdout]      |
[INFO] [stdout] 1898 |     fn next(&mut self) -> Option<(&'a V)> {
[INFO] [stdout]      |                                  ^^^^^^^ help: remove these parentheses
[INFO] [stdout] 
[INFO] [stdout] 
[INFO] [stdout] warning: unnecessary parentheses around type
[INFO] [stdout]     --> src/map.rs:1918:34
[INFO] [stdout]      |
[INFO] [stdout] 1918 |     fn next(&mut self) -> Option<(&'a mut V)> {
[INFO] [stdout]      |                                  ^^^^^^^^^^^ help: remove these parentheses
[INFO] [stdout] 
[INFO] [stdout] 
[INFO] [stdout] error[E0599]: no method named `alloc` found for struct `Global` in the current scope
[INFO] [stdout]    --> src/table.rs:766:29
[INFO] [stdout]     |
[INFO] [stdout] 766 |         let buffer = Global.alloc(Layout::from_size_align(size, alignment)
[INFO] [stdout]     |                             ^^^^^ method not found in `Global`
[INFO] [stdout]     |
[INFO] [stdout]     = help: items from traits can only be used if the trait is in scope
[INFO] [stdout]     = note: the following trait is implemented but not in scope; perhaps add a `use` for it:
[INFO] [stdout]             `use core::alloc::AllocRef;`
[INFO] [stdout] 
[INFO] [stdout] 
[INFO] [stdout] error[E0599]: no method named `dealloc` found for struct `Global` in the current scope
[INFO] [stdout]     --> src/table.rs:1204:20
[INFO] [stdout]      |
[INFO] [stdout] 1204 |             Global.dealloc(
[INFO] [stdout]      |                    ^^^^^^^ method not found in `Global`
[INFO] [stdout]      |
[INFO] [stdout]      = help: items from traits can only be used if the trait is in scope
[INFO] [stdout]      = note: the following trait is implemented but not in scope; perhaps add a `use` for it:
[INFO] [stdout]              `use core::alloc::AllocRef;`
[INFO] [stdout] 
[INFO] [stdout] 
[INFO] [stdout] error[E0599]: no method named `as_opaque` found for struct `NonNull<usize>` in the current scope
[INFO] [stdout]     --> src/table.rs:1205:59
[INFO] [stdout]      |
[INFO] [stdout] 1205 |                 NonNull::new_unchecked(self.hashes.ptr()).as_opaque(),
[INFO] [stdout]      |                                                           ^^^^^^^^^ method not found in `NonNull<usize>`
[INFO] [stdout] 
[INFO] [stdout] 
[INFO] [stdout] error: aborting due to 6 previous errors; 3 warnings emitted
[INFO] [stdout] 
[INFO] [stdout] 
[INFO] [stdout] Some errors have detailed explanations: E0432, E0599.
[INFO] [stdout] 
[INFO] [stdout] For more information about an error, try `rustc --explain E0432`.
[INFO] [stdout] 
[INFO] [stderr] error: could not compile `hashmap_core2`.
[INFO] [stderr] 
[INFO] [stderr] To learn more, run the command again with --verbose.
[INFO] [stderr] warning: build failed, waiting for other jobs to finish...
[INFO] [stdout] error[E0599]: no method named `alloc` found for struct `Global` in the current scope
[INFO] [stdout]    --> src/table.rs:766:29
[INFO] [stdout]     |
[INFO] [stdout] 766 |         let buffer = Global.alloc(Layout::from_size_align(size, alignment)
[INFO] [stdout]     |                             ^^^^^ method not found in `Global`
[INFO] [stdout]     |
[INFO] [stdout]     = help: items from traits can only be used if the trait is in scope
[INFO] [stdout]     = note: the following trait is implemented but not in scope; perhaps add a `use` for it:
[INFO] [stdout]             `use core::alloc::AllocRef;`
[INFO] [stdout] 
[INFO] [stdout] 
[INFO] [stdout] error[E0599]: no method named `dealloc` found for struct `Global` in the current scope
[INFO] [stdout]     --> src/table.rs:1204:20
[INFO] [stdout]      |
[INFO] [stdout] 1204 |             Global.dealloc(
[INFO] [stdout]      |                    ^^^^^^^ method not found in `Global`
[INFO] [stdout]      |
[INFO] [stdout]      = help: items from traits can only be used if the trait is in scope
[INFO] [stdout]      = note: the following trait is implemented but not in scope; perhaps add a `use` for it:
[INFO] [stdout]              `use core::alloc::AllocRef;`
[INFO] [stdout] 
[INFO] [stdout] 
[INFO] [stdout] error[E0599]: no method named `as_opaque` found for struct `NonNull<usize>` in the current scope
[INFO] [stdout]     --> src/table.rs:1205:59
[INFO] [stdout]      |
[INFO] [stdout] 1205 |                 NonNull::new_unchecked(self.hashes.ptr()).as_opaque(),
[INFO] [stdout]      |                                                           ^^^^^^^^^ method not found in `NonNull<usize>`
[INFO] [stdout] 
[INFO] [stdout] 
[INFO] [stdout] error: aborting due to 7 previous errors; 3 warnings emitted
[INFO] [stdout] 
[INFO] [stdout] 
[INFO] [stdout] Some errors have detailed explanations: E0432, E0599.
[INFO] [stdout] 
[INFO] [stdout] For more information about an error, try `rustc --explain E0432`.
[INFO] [stdout] 
[INFO] [stderr] error: build failed
[INFO] running `Command { std: "docker" "inspect" "b8ee215b7e35ef378ae927aa229dc0ccd4ea2facd279b5058b134bcc33cadbed", kill_on_drop: false }`
[INFO] running `Command { std: "docker" "rm" "-f" "b8ee215b7e35ef378ae927aa229dc0ccd4ea2facd279b5058b134bcc33cadbed", kill_on_drop: false }`
[INFO] [stdout] b8ee215b7e35ef378ae927aa229dc0ccd4ea2facd279b5058b134bcc33cadbed
